428. What is z(-24)?
-4
Let b(w) = 584*w + 3561. Determine b(-6).
57
Let y(r) = 8*r**2 + 116*r - 7. What is y(-14)?
-63
Let u(v) = -42*v**2 + 272*v + 148. Give u(7).
-6
Let l(j) = j**2 + 20*j + 104. Determine l(-9).
5
Let z(a) = a**3 + 7*a**2 - 63*a - 23. Calculate z(-12).
13
Let d(w) = -5*w**2 - 87*w - 133. Determine d(-15).
47
Let b(l) = -l**2 + 54*l - 627. Determine b(38).
-19
Let g(t) = -2*t**2 + 2*t + 112. Calculate g(0).
112
Let l(s) = s**3 + 12*s**2 + 16*s + 48. What is l(-11)?
-7
Let b(i) = i**2 + 12*i + 96. Determine b(0).
96
Let a(c) = c**2 + c - 15. Calculate a(4).
5
Let m(c) = -c**3 - 29*c**2 + 72*c + 1261. What is m(-30)?
1
Let y(a) = 597*a**2 - 2986*a + 7. Give y(5).
2
Let m(y) = -1214*y + 78934. Calculate m(65).
24
Let n(z) = 2*z**3 + 78*z**2 - 81*z - 30. Give n(-40).
10
Let x(t) = t**3 + 3*t**2 - 47*t - 53. Determine x(-8).
3
Let t(s) = -s**2 - 63*s + 277. What is t(4)?
9
Let s(t) = 18*t**2 - 3279*t + 547. What is s(182)?
1
Let d(p) = 4*p**3 + 57*p**2 + 13*p - 28. Calculate d(-14).
-14
Let x(k) = 6*k**2 + 81*k - 115. Determine x(-17).
242
Let b(o) = 8*o**2 + 464*o + 2863. Determine b(-51).
7
Let g(x) = -2*x - 43. Determine g(-3).
-37
Let z(x) = 3*x**2 - 21*x - 135. What is z(-4)?
-3
Let d(n) = 43*n - 307. What is d(7)?
-6
Let y(g) = -121*g + 2299. Calculate y(19).
0
Let u(a) = a**2 - 32*a + 164. Calculate u(28).
52
Let h(i) = 2*i**3 + 84*i**2 + 85*i + 121. What is h(-41)?
-2
Let y(u) = 117*u - 3171. Determine y(28).
105
Let s(a) = a**3 - 12*a**2 - 189*a + 7. What is s(21)?
7
Let q(u) = -16*u**2 - 586*u + 42. Determine q(-37).
-180
Let a(d) = d**2 - 185*d + 3148. Calculate a(18).
142
Let a(g) = -g**3 - 5*g**2 - 324*g - 1976. Calculate a(-6).
4
Let a(d) = -d**2 - 44*d - 380. What is a(-27)?
79
Let n(l) = 114*l**2 - 9234*l + 21. Determine n(81).
21
Let u(p) = -p**3 - 59*p**2 + 48*p - 785. Give u(-60).
-65
Let t(o) = -541*o - 7135. Calculate t(-13).
-102
Let v(m) = 66*m**2 + 700*m + 9. Give v(-11).
295
Let a(o) = -o**3 + 7*o**2 + 201*o - 1563. Give a(8).
-19
Let l(g) = -2*g**2 + 154*g - 2782. Determine l(48).
2
Let s(x) = x**3 + 30*x**2 + 54*x - 103. Give s(-28).
-47
Let d(h) = -7148*h - 71475. Calculate d(-10).
5
Let d(f) = 17*f + 318. Calculate d(-47).
-481
Let b(v) = 13*v + 184. Give b(0).
184
Let i(q) = 5*q - 539. What is i(104)?
-19
Let t(q) = 4*q**3 + 20*q**2 - 32*q - 20. Determine t(-6).
28
Let d(r) = -r**3 - 7*r**2 + 36*r + 217. What is d(-6)?
-35
Let v(l) = -22*l**3 - l**2 + l - 2. Determine v(-2).
168
Let z(a) = -97*a + 645. Determine z(7).
-34
Let r(i) = i**3 + 22*i**2 - 35. Calculate r(-22).
-35
Let u(s) = 25404*s - 4. Calculate u(0).
-4
Let d(a) = 993*a**2 - 1983*a - 3. Determine d(2).
3
Let q(r) = r**3 - 16*r**2 + 8*r - 67. Determine q(18).
725
Let u(c) = c**3 - 71*c**2 + 141*c - 109. What is u(69)?
98
Let s(b) = -b**3 + 54*b**2 + 570*b - 101. Calculate s(63).
88
Let s(r) = -r**3 + 13*r**2 - 14*r - 51. Give s(10).
109
Let j(q) = q**2 - 100*q - 2538. Give j(-21).
3
Let z(t) = -10116*t + 40459. What is z(4)?
-5
Let t(w) = w**3 - 18*w**2 - 54*w - 2. What is t(-3)?
-29
Let o(p) = 295*p + 178. Calculate o(0).
178
Let y(b) = 108*b - 756. Determine y(7).
0
Let j(w) = w + 83. Calculate j(0).
83
Let f(j) = -2*j**2 + 1099*j + 14. Calculate f(0).
14
Let a(q) = 390*q + 4315. Give a(-11).
25
Let m(s) = 2*s**3 + 18*s**2 + 65*s + 93. Give m(-5).
-32
Let q(r) = 6*r**2 - 2*r - 323. What is q(0)?
-323
Let r(n) = -58*n + 4979. Determine r(85).
49
Let s(f) = -f**3 + 108*f**2 - 518*f + 305. What is s(103)?
-4
Let l(z) = z**3 - 2*z**2 + 6*z - 16. What is l(5)?
89
Let o(c) = -10*c**2 + 17*c + 454. Give o(-6).
-8
Let q(v) = -2*v**3 - 15*v**2 - 28*v - 60. What is q(-6)?
0
Let w(c) = -199*c + 790. What is w(4)?
-6
Let j(p) = -625*p**2 - 57*p + 57. Calculate j(1).
-625
Let s(g) = -4*g**3 + 32*g**2 - 27*g - 1. What is s(7)?
6
Let s(i) = -167*i + 518. What is s(3)?
17
Let f(g) = 4*g**2 - 10*g + 9. Determine f(-5).
159
Let q(m) = 26*m + 376. Give q(-17).
-66
Let a(z) = -2*z**2 + 27*z - 19. Calculate a(13).
-6
Let g(l) = -34*l**3 + 14*l**2 + 14*l. What is g(-1)?
34
Let z(m) = 39*m + 3972. Determine z(-102).
-6
Let f(p) = 417*p + 14181. What is f(-34)?
3
Let b(u) = -u**3 + 33*u**2 + 19*u + 30. What is b(34)?
-480
Let m(l) = -18*l + 1008. Give m(58).
-36
Let f(u) = 638*u + 603. What is f(-1)?
-35
Let k(u) = -u**3 + 2*u**2 + 34*u + 54. Calculate k(9).
-207
Let y(v) = v**3 + 85*v**2 - 180*v - 481. What is y(-87)?
41
Let v(g) = 16*g + 807. Calculate v(-50).
7
Let z(o) = -o**3 - 10*o**2 + 110*o + 244. What is z(-16)?
20
Let z(c) = -17*c**3 + 8*c**2 + 21*c + 15. Determine z(-1).
19
Let m(j) = 8*j + 124. Determine m(-17).
-12
Let n(h) = 726*h + 445. Calculate n(0).
445
Let x(n) = -49*n**2 + 576*n - 9. Determine x(13).
-802
Let s(z) = z**3 - 6*z**2 + 12*z - 68. Calculate s(4).
-52
Let j(r) = 321*r - 967. Determine j(3).
-4
Let k(h) = 5*h**3 + 76*h**2 + 15*h + 19. Determine k(-15).
19
Let y(u) = 1019*u + 22394. What is y(-22)?
-24
Let n(l) = 929*l - 8445. What is n(9)?
-84
Let i(o) = -o**3 + 11*o**2 - 271*o + 1704. Determine i(7).
3
Let t(i) = -4*i**2 - 203*i + 70. Calculate t(-52).
-190
Let y(c) = c**3 - 12*c**2 + 42*c + 14. Give y(5).
49
Let v(i) = 6*i**3 - 24*i**2 + 3*i - 20. Give v(4).
-8
Let o(d) = -d**3 - d**2 - 6*d - 5. Give o(-2).
11
Let f(w) = w**2 + 101*w - 6753. Calculate f(46).
9
Let t(k) = 8*k**2 - 257*k + 17. Give t(33).
248
Let m(n) = 7*n**3 + 8*n**2 - 32*n - 11. Determine m(3).
154
Let s(u) = -16*u + 60. What is s(4)?
-4
Let g(m) = -13*m**2 - 511*m - 1022. Calculate g(-2).
-52
Let h(z) = z**2 + 130*z + 2863. Calculate h(-102).
7
Let g(t) = -15*t + 568. What is g(32)?
88
Let v(n) = 2*n**2 + 150*n + 958. Give v(-7).
6
Let s(y) = y**3 + 6*y**2 - 33*y - 168. Calculate s(-4).
-4
Let q(u) = -32*u - 79. What is q(-10)?
241
Let o(b) = b**3 - 120*b**2 - 80*b - 4962. Determine o(121).
-1
Let j(y) = 11*y - 93. Determine j(0).
-93
Let s(h) = 8*h**2 + 73*h + 173. Determine s(-6).
23
Let h(i) = 13*i**2 + 263*i + 1830. Calculate h(-7).
626
Let f(z) = 2*z**2 + 70*z - 314. What is f(5)?
86
Let j(i) = 353*i - 4237. What is j(12)?
-1
Let g(o) = -o**2 + 8*o + 567. Give g(30).
-93
Let d(b) = -b**2 - 554*b + 6797. Calculate d(12).
5
Let k(t) = -3*t**2 - 90*t - 526. Give k(-22).
2
Let y(p) = -2*p**2 - 17*p - 2. Calculate y(-7).
19
Let k(y) = -2*y**3 - 117*y**2 - 62*y - 131. Calculate k(-58).
101
Let a(r) = r**3 - 10*r**2 + 30*r - 95. Calculate a(9).
94
Let b(g) = -1640*g + 5. Give b(0).
5
Let w(x) = -165*x - 44541. Determine w(-270).
9
Let x(a) = 2*a**3 + 96*a**2 + 77*a - 805. Calculate x(-47).
-6
Let c(h) = 66*h + 1257. What is c(-19)?
3
Let d(o) = o**3 - 89*o**2 + 573*o + 51. Calculate d(82).
-31
Let l(n) = -n**2 + n + 40. What is l(-9)?
-50
Let f(r) = -r**3 - 43*r**2 - 151*r - 1. Determine f(-39).
-196
Let a(b) = -3*b**3 + 29*b**2 + 60*b - 3. Determine a(-2).
17
Let j(n) = 26*n - 10. What is j(17)?
432
Let b(q) = -2*q**3 + 12*q**2 + 12*q - 33. What is b(6)?
39
Let o(s) = -6*s**2 + 29*s + 322. Give o(10).
12
Let l(o) = 2*o**3 - 100*o**2 + 90*o + 444. What is l(49)?
52
Let q(u) = 2*u**2 - 41*u - 10. Calculate q(16).
-154
Let d(g) = 47*g**2 - 13*g + 3. Determine d(-1).
63
Let j(f) = 7*f**2 - 77*f - 423. Calculate j(15).
-3
Let z(o) = 2274*o + 15955. Calculate z(-7).
37
Let h(d) = -4*d**2 + 55*d - 26. Determine h(2).
68
Let k(b) = -6*b**2 - 4*b + 61. Determine k(-3).
19
Let n(k) = 351*k**2 - k + 12. What is n(1)?
362
Let a(s) = 10*s - 118. What is a(21)?
92
Let k(s) = 4*s - 107. Determine k(44).
69
Let m(b) = -b**2 - 8*b + 974. Calculate m(-35).
29
Let o(s) = -s**3 - 2*s**2 - 4*s - 37. What is o(-4)?
11
Let w(j) = -j**2 - 217*j - 3758. Calculate w(-19).
4
Let v(f) = -3*f**2 - 54*f - 45. Calculate v(-21).
-234
Let b(u) = 5*u**2 - 20*u + 101. What is b(0)?
101
Let i(r) = r**2 + 48*r - 13. Determine i(-17).
-540
Let g(h) = 14*h**3 - 179*h**2 - 44*h + 43. Calculate g(13).
-22
Let f(z) = z**3 + 17*z**2 + 53*z + 20. Determine f(-13).
7
Let x(q) = -17*q - 75. Give x(-9).
78
Let o(i) = i**2 - 128*i - 803. What is o(-6)?
1
Let u(q) = -4*q + 6. Give u(-12).
54
Let s(n) = n**2 - 73*n - 305. What is s(-4)?
3
Let y(w) = 17*w**2 - 396*w + 820. What is y(21)?
1
Let z(d) = -14*d + 11. What is z(3)?
-31
Let c(m) = 2*m**3 + 11*m - 5. Give c(2).
33
Let j(r) = -r**3 + 81*r**2 - 15